{"id":245,"date":"2026-07-07T09:41:28","date_gmt":"2026-07-07T09:41:28","guid":{"rendered":"https:\/\/allenmobility.pt\/?page_id=245"},"modified":"2026-08-21T12:14:12","modified_gmt":"2026-08-21T12:14:12","slug":"videovigilancia","status":"publish","type":"page","link":"https:\/\/allenmobility.pt\/en\/videovigilancia\/","title":{"rendered":"Video Surveillance"},"content":{"rendered":"\t\t<div data-elementor-type=\"wp-page\" data-elementor-id=\"245\" class=\"elementor elementor-245\" data-elementor-post-type=\"page\">\n\t\t\t\t<div class=\"elementor-element elementor-element-acd8aa1 e-flex e-con-boxed e-con e-parent\" data-id=\"acd8aa1\" data-element_type=\"container\" data-e-type=\"container\" data-settings=\"{&quot;background_background&quot;:&quot;classic&quot;}\">\n\t\t\t\t\t<div class=\"e-con-inner\">\n\t\t\t\t<div class=\"elementor-element elementor-element-ff66673 elementor-widget elementor-widget-text-editor\" data-id=\"ff66673\" data-element_type=\"widget\" data-e-type=\"widget\" data-widget_type=\"text-editor.default\">\n\t\t\t\t\t\t\t\t\t<div class=\"sec-eye\"><div class=\"sec-eye\">MONITORAMENTO<\/div><\/div>\t\t\t\t\t\t\t\t<\/div>\n\t\t\t\t<div class=\"elementor-element elementor-element-61c20a8 elementor-widget elementor-widget-heading\" data-id=\"61c20a8\" data-element_type=\"widget\" data-e-type=\"widget\" data-widget_type=\"heading.default\">\n\t\t\t\t\t<h1 class=\"elementor-heading-title elementor-size-default\">Aviso de Videovigil\u00e2ncia a Bordo<\/h1>\t\t\t\t<\/div>\n\t\t\t\t<div class=\"elementor-element elementor-element-da9b954 elementor-widget elementor-widget-text-editor\" data-id=\"da9b954\" data-element_type=\"widget\" data-e-type=\"widget\" data-widget_type=\"text-editor.default\">\n\t\t\t\t\t\t\t\t\t<p class=\"font-claude-response-body break-words whitespace-normal\">Na Allen Mobility, a sua seguran\u00e7a e a do nosso condutor s\u00e3o prioridade. Por esse motivo, os nossos ve\u00edculos est\u00e3o equipados com sistemas de videovigil\u00e2ncia (dashcam) que captam imagem durante todo o trajeto.<\/p>\n<p class=\"font-claude-response-body break-words whitespace-normal\"><strong>O que \u00e9 gravado<\/strong><\/p>\n<ul class=\"[li_&amp;]:mb-0 [li_&amp;]:mt-1 [li_&amp;]:gap-1 [&amp;:not(:last-child)_ul]:pb-1 [&amp;:not(:last-child)_ol]:pb-1 list-disc flex flex-col gap-1 pl-8 mb-3\">\n<li class=\"font-claude-response-body whitespace-normal break-words pl-2\">Imagem do interior e\/ou exterior do ve\u00edculo durante a viagem.<\/li>\n<\/ul>\n<p class=\"font-claude-response-body break-words whitespace-normal\"><strong>Para que serve esta grava\u00e7\u00e3o<\/strong><\/p>\n<ul class=\"[li_&amp;]:mb-0 [li_&amp;]:mt-1 [li_&amp;]:gap-1 [&amp;:not(:last-child)_ul]:pb-1 [&amp;:not(:last-child)_ol]:pb-1 list-disc flex flex-col gap-1 pl-8 mb-3\">\n<li class=\"font-claude-response-body whitespace-normal break-words pl-2\">Garantir a seguran\u00e7a do condutor e dos passageiros.<\/li>\n<li class=\"font-claude-response-body whitespace-normal break-words pl-2\">Prevenir e documentar eventuais incidentes, conflitos ou acidentes de via\u00e7\u00e3o.<\/li>\n<li class=\"font-claude-response-body whitespace-normal break-words pl-2\">Servir de prova em caso de reclama\u00e7\u00e3o, sinistro ou ocorr\u00eancia junto das autoridades.<\/li>\n<\/ul>\n<p class=\"font-claude-response-body break-words whitespace-normal\"><strong>Base legal<\/strong><br>O tratamento destas imagens tem por base o interesse leg\u00edtimo da Allen Mobility em assegurar a seguran\u00e7a de pessoas e bens, nos termos do Regulamento Geral sobre a Prote\u00e7\u00e3o de Dados (RGPD).<\/p>\n<p class=\"font-claude-response-body break-words whitespace-normal\"><strong>Conserva\u00e7\u00e3o dos dados<\/strong><br>As grava\u00e7\u00f5es s\u00e3o conservadas pelo per\u00edodo estritamente necess\u00e1rio para os fins acima descritos, sendo eliminadas automaticamente decorrido esse prazo, salvo se forem necess\u00e1rias para efeitos de prova em processo-crime, contraordenacional ou c\u00edvel.<\/p>\n<p class=\"font-claude-response-body break-words whitespace-normal\"><strong>Os seus direitos<\/strong><br>Enquanto titular dos dados, tem o direito de solicitar acesso, retifica\u00e7\u00e3o, apagamento ou limita\u00e7\u00e3o do tratamento das suas imagens, bem como apresentar reclama\u00e7\u00e3o junto da CNPD \u2013 Comiss\u00e3o Nacional de Prote\u00e7\u00e3o de Dados.<\/p>\n<p class=\"font-claude-response-body break-words whitespace-normal\">Ao utilizar os nossos servi\u00e7os, o passageiro reconhece e aceita que a viagem poder\u00e1 ser gravada em imagem, nos termos aqui descritos.<\/p>\n<p class=\"font-claude-response-body break-words whitespace-normal\">D\u00favidas sobre este aviso ou sobre os seus dados? Contacte-nos!<\/p>\t\t\t\t\t\t\t\t<\/div>\n\t\t\t\t\t<\/div>\n\t\t\t\t<\/div>\n\t\t<div class=\"elementor-element elementor-element-63b984b e-flex e-con-boxed e-con e-parent\" data-id=\"63b984b\" data-element_type=\"container\" data-e-type=\"container\" data-settings=\"{&quot;background_background&quot;:&quot;classic&quot;}\">\n\t\t\t\t\t<div class=\"e-con-inner\">\n\t\t<div class=\"elementor-element elementor-element-e4309f1 e-grid e-con-full e-con e-child\" data-id=\"e4309f1\" data-element_type=\"container\" data-e-type=\"container\">\n\t\t\t\t<div class=\"elementor-element elementor-element-433546e elementor-widget elementor-widget-text-editor\" data-id=\"433546e\" data-element_type=\"widget\" data-e-type=\"widget\" data-widget_type=\"text-editor.default\">\n\t\t\t\t\t\t\t\t\t<div class=\"cta-text\"><div class=\"cta-text\"><div class=\"cta-text\">Conhe\u00e7a o servi\u00e7o que\u00a0<em>eleva o padr\u00e3o.<\/em><\/div><\/div><\/div>\t\t\t\t\t\t\t\t<\/div>\n\t\t\t\t<div class=\"elementor-element elementor-element-8ee6709 elementor-align-right elementor-mobile-align-center elementor-widget elementor-widget-button\" data-id=\"8ee6709\" data-element_type=\"widget\" data-e-type=\"widget\" data-widget_type=\"button.default\">\n\t\t\t\t\t\t\t\t\t\t<a class=\"elementor-button elementor-button-link elementor-size-sm\" href=\"https:\/\/wa.me\/351961582739?text=Ol%C3%A1%21%20Vim%20atrav%C3%A9s%20do%20site%20da%20Allen%20Mobility%20e%20gostaria%20de%20mais%20informa%C3%A7%C3%B5es.\" target=\"_blank\" rel=\"noopener\">\n\t\t\t\t\t\t<span class=\"elementor-button-content-wrapper\">\n\t\t\t\t\t\t\t\t\t<span class=\"elementor-button-text\">RESERVAR AGORA<\/span>\n\t\t\t\t\t<\/span>\n\t\t\t\t\t<\/a>\n\t\t\t\t\t\t\t\t<\/div>\n\t\t\t\t<\/div>\n\t\t\t\t\t<\/div>\n\t\t\t\t<\/div>\n\t\t\t\t<\/div>\n\t\t","protected":false},"excerpt":{"rendered":"<p>MONITORAMENTO Aviso de Videovigil\u00e2ncia a Bordo Na Allen Mobility, a sua seguran\u00e7a e a do nosso condutor s\u00e3o prioridade. Por esse motivo, os nossos ve\u00edculos est\u00e3o equipados com sistemas de videovigil\u00e2ncia (dashcam) que captam imagem durante todo o trajeto. O que \u00e9 gravado Imagem do interior e\/ou exterior do ve\u00edculo durante a viagem. Para que [&hellip;]<\/p>\n","protected":false},"author":1,"featured_media":0,"parent":0,"menu_order":0,"comment_status":"closed","ping_status":"closed","template":"elementor_header_footer","meta":{"_joinchat":[],"footnotes":""},"class_list":["post-245","page","type-page","status-publish","hentry"],"_hostinger_reach_plugin_has_subscription_block":false,"_hostinger_reach_plugin_is_elementor":false,"_links":{"self":[{"href":"https:\/\/allenmobility.pt\/en\/wp-json\/wp\/v2\/pages\/245","targetHints":{"allow":["GET"]}}],"collection":[{"href":"https:\/\/allenmobility.pt\/en\/wp-json\/wp\/v2\/pages"}],"about":[{"href":"https:\/\/allenmobility.pt\/en\/wp-json\/wp\/v2\/types\/page"}],"author":[{"embeddable":true,"href":"https:\/\/allenmobility.pt\/en\/wp-json\/wp\/v2\/users\/1"}],"replies":[{"embeddable":true,"href":"https:\/\/allenmobility.pt\/en\/wp-json\/wp\/v2\/comments?post=245"}],"version-history":[{"count":19,"href":"https:\/\/allenmobility.pt\/en\/wp-json\/wp\/v2\/pages\/245\/revisions"}],"predecessor-version":[{"id":368,"href":"https:\/\/allenmobility.pt\/en\/wp-json\/wp\/v2\/pages\/245\/revisions\/368"}],"wp:attachment":[{"href":"https:\/\/allenmobility.pt\/en\/wp-json\/wp\/v2\/media?parent=245"}],"curies":[{"name":"wp","href":"https:\/\/api.w.org\/{rel}","templated":true}]}}

<div data-elementor-type="wp-page" data-elementor-id="245" class="elementor elementor-245" data-elementor-post-type="page">
				<div class="elementor-element elementor-element-acd8aa1 e-flex e-con-boxed e-con e-parent" data-id="acd8aa1" data-element_type="container" data-e-type="container" data-settings="{&quot;background_background&quot;:&quot;classic&quot;}">
					<div class="e-con-inner">
				<div class="elementor-element elementor-element-ff66673 elementor-widget elementor-widget-text-editor" data-id="ff66673" data-element_type="widget" data-e-type="widget" data-widget_type="text-editor.default">
									<div class="sec-eye"><div class="sec-eye">MONITORAMENTO</div></div>								</div>
				<div class="elementor-element elementor-element-61c20a8 elementor-widget elementor-widget-heading" data-id="61c20a8" data-element_type="widget" data-e-type="widget" data-widget_type="heading.default">
					<h1 class="elementor-heading-title elementor-size-default">Aviso de Videovigilância a Bordo</h1>				</div>
				<div class="elementor-element elementor-element-da9b954 elementor-widget elementor-widget-text-editor" data-id="da9b954" data-element_type="widget" data-e-type="widget" data-widget_type="text-editor.default">
									<p class="font-claude-response-body break-words whitespace-normal">Na Allen Mobility, a sua segurança e a do nosso condutor são prioridade. Por esse motivo, os nossos veículos estão equipados com sistemas de videovigilância (dashcam) que captam imagem durante todo o trajeto.</p>
<p class="font-claude-response-body break-words whitespace-normal"><strong>O que é gravado</strong></p>
<ul class="[li_&amp;]:mb-0 [li_&amp;]:mt-1 [li_&amp;]:gap-1 [&amp;:not(:last-child)_ul]:pb-1 [&amp;:not(:last-child)_ol]:pb-1 list-disc flex flex-col gap-1 pl-8 mb-3">
<li class="font-claude-response-body whitespace-normal break-words pl-2">Imagem do interior e/ou exterior do veículo durante a viagem.</li>
</ul>
<p class="font-claude-response-body break-words whitespace-normal"><strong>Para que serve esta gravação</strong></p>
<ul class="[li_&amp;]:mb-0 [li_&amp;]:mt-1 [li_&amp;]:gap-1 [&amp;:not(:last-child)_ul]:pb-1 [&amp;:not(:last-child)_ol]:pb-1 list-disc flex flex-col gap-1 pl-8 mb-3">
<li class="font-claude-response-body whitespace-normal break-words pl-2">Garantir a segurança do condutor e dos passageiros.</li>
<li class="font-claude-response-body whitespace-normal break-words pl-2">Prevenir e documentar eventuais incidentes, conflitos ou acidentes de viação.</li>
<li class="font-claude-response-body whitespace-normal break-words pl-2">Servir de prova em caso de reclamação, sinistro ou ocorrência junto das autoridades.</li>
</ul>
<p class="font-claude-response-body break-words whitespace-normal"><strong>Base legal</strong><br>O tratamento destas imagens tem por base o interesse legítimo da Allen Mobility em assegurar a segurança de pessoas e bens, nos termos do Regulamento Geral sobre a Proteção de Dados (RGPD).</p>
<p class="font-claude-response-body break-words whitespace-normal"><strong>Conservação dos dados</strong><br>As gravações são conservadas pelo período estritamente necessário para os fins acima descritos, sendo eliminadas automaticamente decorrido esse prazo, salvo se forem necessárias para efeitos de prova em processo-crime, contraordenacional ou cível.</p>
<p class="font-claude-response-body break-words whitespace-normal"><strong>Os seus direitos</strong><br>Enquanto titular dos dados, tem o direito de solicitar acesso, retificação, apagamento ou limitação do tratamento das suas imagens, bem como apresentar reclamação junto da CNPD – Comissão Nacional de Proteção de Dados.</p>
<p class="font-claude-response-body break-words whitespace-normal">Ao utilizar os nossos serviços, o passageiro reconhece e aceita que a viagem poderá ser gravada em imagem, nos termos aqui descritos.</p>
<p class="font-claude-response-body break-words whitespace-normal">Dúvidas sobre este aviso ou sobre os seus dados? Contacte-nos!</p>								</div>
					</div>
				</div>
		<div class="elementor-element elementor-element-63b984b e-flex e-con-boxed e-con e-parent" data-id="63b984b" data-element_type="container" data-e-type="container" data-settings="{&quot;background_background&quot;:&quot;classic&quot;}">
					<div class="e-con-inner">
		<div class="elementor-element elementor-element-e4309f1 e-grid e-con-full e-con e-child" data-id="e4309f1" data-element_type="container" data-e-type="container">
				<div class="elementor-element elementor-element-433546e elementor-widget elementor-widget-text-editor" data-id="433546e" data-element_type="widget" data-e-type="widget" data-widget_type="text-editor.default">
									<div class="cta-text"><div class="cta-text"><div class="cta-text">Conheça o serviço que <em>eleva o padrão.</em></div></div></div>								</div>
				<div class="elementor-element elementor-element-8ee6709 elementor-align-right elementor-mobile-align-center elementor-widget elementor-widget-button" data-id="8ee6709" data-element_type="widget" data-e-type="widget" data-widget_type="button.default">
										<a class="elementor-button elementor-button-link elementor-size-sm" href="https://wa.me/351961582739?text=Ol%C3%A1%21%20Vim%20atrav%C3%A9s%20do%20site%20da%20Allen%20Mobility%20e%20gostaria%20de%20mais%20informa%C3%A7%C3%B5es." target="_blank" rel="noopener">
						<span class="elementor-button-content-wrapper">
									<span class="elementor-button-text">RESERVAR AGORA</span>
					</span>
					</a>
								</div>
				</div>
					</div>
				</div>
				</div>

<p>MONITORAMENTO Aviso de Videovigilância a Bordo Na Allen Mobility, a sua segurança e a do nosso condutor são prioridade. Por esse motivo, os nossos veículos estão equipados com sistemas de videovigilância (dashcam) que captam imagem durante todo o trajeto. O que é gravado Imagem do interior e/ou exterior do veículo durante a viagem. Para que [&hellip;]</p>
